{"id":190,"date":"2016-07-27T15:36:30","date_gmt":"2016-07-27T13:36:30","guid":{"rendered":"https:\/\/futour.it\/spagnolo\/?page_id=190"},"modified":"2016-07-27T15:48:35","modified_gmt":"2016-07-27T13:48:35","slug":"soluciones-2","status":"publish","type":"page","link":"https:\/\/futour.it\/spagnolo\/soluciones-2\/","title":{"rendered":"Soluciones"},"content":{"rendered":"<p class=\"MsoPlainText\"><strong><a href=\"https:\/\/futour.it\/futour\/wp-content\/uploads\/2009\/01\/solutions1.png\"><img loading=\"lazy\" decoding=\"async\" class=\"alignleft wp-image-709\" src=\"https:\/\/futour.it\/futour\/wp-content\/uploads\/2009\/01\/solutions1-206x300.png\" alt=\"solutions\" width=\"138\" height=\"198\" \/><\/a>Futour <\/strong>ofrece un amplio abanico de servicios en lo que ata\u00f1e a la agilizaci\u00f3n de la innovaci\u00f3n, el desarrollo de la visi\u00f3n, la construcci\u00f3n de redes, la implementaci\u00f3n estrat\u00e9gica y operativa de programas, pol\u00edticas y proyectos dirigidos a actores privados y p\u00fablicos. Los servicios est\u00e1n hechos a la medida para cada cliente lo cual permite alcanzar el m\u00e1ximo de valor a\u00f1adido y los mejores resultados en el menor tiempo posible.<\/p>\n<p class=\"MsoPlainText\">Somos un <em>hub and harbor<\/em>, un polo abierto a las organizaciones privadas y p\u00fablicas que obra desde una perspectiva co-creativa y constructivista facilitando actividades y servicios como:<\/p>\n<ul>\n<li>Proyectos y productos co-creativos.<\/li>\n<li>Fomento de la conciencia de la innovaci\u00f3n y el pensamiento innovador.<\/li>\n<li>Dise\u00f1o de pol\u00edticas (policy making) interactivo, desarrollo estrat\u00e9gico y visi\u00f3n.<\/li>\n<li>Encuentros facilitados y proyectos de investigaci\u00f3n-acci\u00f3n (action research).<\/li>\n<li>Regeneraci\u00f3n urbana.<\/li>\n<li>Sostenibilidad e implementaci\u00f3n de la Agenda 21 en el plano local.<\/li>\n<li>Programas estructurales y estrat\u00e9gicos.<\/li>\n<li>Innovaci\u00f3n abierta (open innovation).<\/li>\n<li>Gesti\u00f3n del conocimiento (knowledge management).<\/li>\n<li>Gesti\u00f3n de la diversidad (diversity facilitation): nivel social, cultural, integraci\u00f3n.<\/li>\n<li>Marketing territorial.<\/li>\n<li>Formaci\u00f3n.<\/li>\n<li>Soluci\u00f3n de conflictos.<\/li>\n<li>Gesti\u00f3n del cambio (change management) e introducci\u00f3n de la innovaci\u00f3n en las organizaciones.<\/li>\n<li>Comunicaci\u00f3n e informaci\u00f3n.<\/li>\n<li>Pol\u00edticas en pro de los j\u00f3venes.<\/li>\n<li>Laboratorios vivientes (living labs).<\/li>\n<\/ul>\n<p>&nbsp;<\/p>\n<p class=\"MsoPlainText\"><img loading=\"lazy\" decoding=\"async\" class=\"size-full wp-image-159 aligncenter\" title=\"fabbrica\" src=\"https:\/\/futour.it\/futour\/wp-content\/uploads\/2009\/01\/fabbrica.jpg\" alt=\"fabbrica\" width=\"500\" height=\"375\" \/><\/p>\n","protected":false},"excerpt":{"rendered":"<p>Futour ofrece un amplio abanico de servicios en lo que ata\u00f1e a la agilizaci\u00f3n de la innovaci\u00f3n, el desarrollo de la visi\u00f3n, la construcci\u00f3n de&#8230;<\/p>\n","protected":false},"author":1,"featured_media":0,"parent":0,"menu_order":0,"comment_status":"closed","ping_status":"closed","template":"","meta":{"_monsterinsights_skip_tracking":false,"_monsterinsights_sitenote_active":false,"_monsterinsights_sitenote_note":"","_monsterinsights_sitenote_category":0,"footnotes":""},"class_list":["post-190","page","type-page","status-publish","hentry"],"_links":{"self":[{"href":"https:\/\/futour.it\/spagnolo\/wp-json\/wp\/v2\/pages\/190","targetHints":{"allow":["GET"]}}],"collection":[{"href":"https:\/\/futour.it\/spagnolo\/wp-json\/wp\/v2\/pages"}],"about":[{"href":"https:\/\/futour.it\/spagnolo\/wp-json\/wp\/v2\/types\/page"}],"author":[{"embeddable":true,"href":"https:\/\/futour.it\/spagnolo\/wp-json\/wp\/v2\/users\/1"}],"replies":[{"embeddable":true,"href":"https:\/\/futour.it\/spagnolo\/wp-json\/wp\/v2\/comments?post=190"}],"version-history":[{"count":1,"href":"https:\/\/futour.it\/spagnolo\/wp-json\/wp\/v2\/pages\/190\/revisions"}],"predecessor-version":[{"id":191,"href":"https:\/\/futour.it\/spagnolo\/wp-json\/wp\/v2\/pages\/190\/revisions\/191"}],"wp:attachment":[{"href":"https:\/\/futour.it\/spagnolo\/wp-json\/wp\/v2\/media?parent=190"}],"curies":[{"name":"wp","href":"https:\/\/api.w.org\/{rel}","templated":true}]}}