{"id":61,"date":"2009-01-09T20:51:12","date_gmt":"2009-01-09T19:51:12","guid":{"rendered":"https:\/\/futour.it\/futour\/?page_id=61"},"modified":"2025-06-20T16:58:38","modified_gmt":"2025-06-20T15:58:38","slug":"il-team","status":"publish","type":"page","link":"https:\/\/futour.it\/futour\/il-team\/","title":{"rendered":"Equipaggio e Piloti"},"content":{"rendered":"<p><a href=\"https:\/\/futour.it\/futour\/wp-content\/uploads\/2009\/01\/staff.png\"><img loading=\"lazy\" class=\"wp-image-703 alignleft\" src=\"https:\/\/futour.it\/futour\/wp-content\/uploads\/2009\/01\/staff-272x300.png\" alt=\"staff\" width=\"172\" height=\"162\" \/><\/a><em>Gli esperti di <strong>FUTOUR<\/strong> hanno maturato una ventennale esperienza nella progettazione partecipata e nello studio e divulgazione di tecniche di facilitazione e creativit\u00e0 per la soluzione di problemi. Il Team adotta la metafora della Commedia dell&#8217;arte e del Circo con i membri della squadra che agiscono e si muovono in ruoli diversi secondo i differenti spazi e contesti in cui si trovano a lavorare. La troupe di <strong>FUTOUR<\/strong>\u00a0include collaboratori esperti di improvvisazione con funzioni che combinano l&#8217;arte della facilitazione con la ricerca scientifica, l&#8217;architettura, la cucina, il management, la psicologia, la letteratura, lo sport, la pittura, il ballo, l&#8217;urbanistica, il canto, la politica, le lingue straniere, la storia.<\/em><\/p>\n<p><strong>Paolo Martinez, <\/strong>laureato in Geografia e Sociologia all&#8217;Oxford Polytechnic, ha lavorato quattro anni nel settore delle costruzioni marittime e impiantistica offshore e per oltre 20 anni nella creativit\u00e0 e partecipazione applicate al management dell&#8217;innovazione, trasferimento tecnologico e sviluppo territoriale. In qualit\u00e0 di architetto di processi e pilota d&#8217;innovazione, attraverso l&#8217;applicazione di tecniche e metodi partecipativi e di futurizzazione, coordina e gestisce da anni progetti in Italia e all&#8217;estero per conto di clienti pubblici e privati. I principali settori sono: design management, ICT, management consulting, policy making, societ\u00e0 della conoscenza, capitale intellettuale, marketing territoriale, piani strategici, beni culturali, strategie per l&#8217;impiego, concertazione, ambienti di lavoro collaborativi. Da anni fa ricerca, scrive e svolge docenze su innovazione, partecipazione, rapid-prototyping e creativit\u00e0, collaborando con Universit\u00e0 e centri di ricerca nazionali e internazionali. \u00c8 uno dei fondatori della Future Center Alliance (UK), di International Initiatives for Societal Innovation i2Si (NL) e come facilitatore certificato del metodo Lego\u00ae Serious Play\u00ae, della Duck.Academy (DK). Fellow della Royal Society of Arts (RSA), organizzazione britannica, con sede a Londra, impegnata a trovare soluzioni pratiche alle sfide sociali globali e Full member del New Club of Paris, una rete internazionale che elabora strategie e politiche per la societ\u00e0 della conoscenza nelle organizzazioni e regioni.<\/p>\n<p><strong>Ron Dvir<\/strong> (Ph.d) \u00e8 un architetto di processi innovativi aperti e future center, specializzato nell&#8217;integrazione organizzativa, metodologica, fisica, tecnologica e finanziaria. Ha coordinato decine di grandi progetti di ricerca internazionali su innovazione e sviluppo come responsabile della ricerca e architetto di sistema. Ron \u00e8 il redattore di &#8220;OpenFutures &#8211; un sistema operativo per Futures Centers&#8221;, e co-editore di numerosi libri e documenti sull&#8217;innovazione distruttiva e gestione dell&#8217;innovazione. Collabora attivamente con FUTOUR in molti progetti e iniziative internazionali, \u00e8 uno dei co-leader della comunit\u00e0 internazionale dei Future Center e membro del New Club of Paris. Ha fondato e dirige &#8220;Innovation Ecology&#8221; ed \u00e8 stato il direttore della gestione della conoscenza in ECI Telecom. Ama i progetti che prevedono sfide complesse e importanti nei settori pubblici o privati con la magia che accompagna soluzioni pratiche e innovative basate sulla co-creazione. Esprime la sua passione e arte anche nella creazione e progettazione di prodotti della conoscenza (siti web, libri e altro ancora) e passa il suo tempo libero in sella alla sua mountain bike d&#8217;epoca Mantra Klein.<\/p>\n<p><strong>Simoon Fransen<\/strong> progetta e realizza innovazioni culturali e ha molta esperienza nella facilitazione, di processi di cambiamento. Conosce e applica con maestria molte tecniche e strumenti partecipativi. Nel suo modello di intervento lo sviluppo organizzativo va di pari passo con lo sviluppo della leadership personale e la crescita della squadra. In tal modo lascia segni duraturi, non solo il ricordo di un buon processo partecipativo. Riconosce l&#8217;essenza dell&#8217;innovazione e cambiamento necessari ed \u00e8 in grado di allargare le prospettive ed elevare il livello delle soluzioni. Ha un approccio sistemico ed \u00e8 amante della natura. Come dice John P. Milton di lei: &#8220;porta l&#8217;ispirazione creativa nei cambiamenti basati sulla natura. Aiuta le persone a sentire ci\u00f2 che non viene detto e vedere ci\u00f2 che deve essere visto. Con e attraverso il lavoro, imparando dal futuro, mobilita e accelera il cambiamento di paradigma necessario a identificare e risolvere le sfide complesse che affrontano i settori pubblici e privati. Lo fa con apertura, leggerezza, senso dell&#8217;umorismo, amore e impatto!&#8221;<\/p>\n<p><strong>Matteo Baronti<\/strong> dopo la laurea con lode in discipline agroindustriali presso l&#8217;universit\u00e0 di Bologna, ha maturato oltre 10 anni di esperienza nella consulenza strategica e organizzativa in molteplici settori produttivi tra cui Alimentare, i Servizi alle imprese e alle persone, l&#8217;Automobilistico. Ha svolto progetti complessi come riorganizzazione aziendale, definizione di standard qualitativi di prodotto e servizio, implementazione di sistemi di gestione della sicurezza alimentare, reingegnerizzazione di processo, progettazione e implementazione di sistemi di gestione della Qualit\u00e0. Parallelamente all&#8217;attivit\u00e0 di consulenza ha svolto quella di auditing di parte 2a e 3a per DNV Italia per circa 8 anni e attivit\u00e0 di formazione manageriale per circa 10 anni per vari enti di formazione tra cui IFOA. Dal 2005 al 2007 ha ricoperto il ruolo di Direttore Risorse Umane e Organizzazione presso Ferrari GB in Inghilterra. Dopo il 2007 ha sviluppato il proprio metodo di supporto alla persona che ha registrato come Coaching Percettivo\u00ae, in cui confluiscono la pluriennale esperienza nella facilitazione delle relazioni all&#8217;interno delle aziende e gli studi sui temi della PNL, del Design Human Engeneering e della Leadership.<\/p>\n<p><strong>Michele Coletti<\/strong> \u00e8 Affiliate Professor of Innovation Management alla business school di Grenoble, dove coordina la specializzazione MBA in Management Consulting e l&#8217;Executive Certificate in Innovation, Design Thinking and Intrapreneurship. Lavora anche come consulente di management e facilitatore di workshop. La sua ricerca si concentra sugli strumenti e le politiche per l&#8217;innovazione collaborativa. Michele ha ottenuto un MBA in Management Consulting alla Grenoble Graduate School of Business e un MSc in Technology and Innovation Management allo SPRU University of Sussex.<\/p>\n<p><strong>Elisa Tachis<\/strong>, laureata in scienze economiche presso l&#8217;Istituto Ichec a Bruxelles e in relazioni internazionali presso l&#8217;Universit\u00e0 di Lovanio; master in sviluppo e cooperazione internazionale (Universit\u00e0 di Bologna). Esperienza professionale in qualit\u00e0 di Manager International Trade presso l&#8217;associazione EU dell&#8217;industria dolciaria, rappresentando gli interessi del settore presso le istituzioni europee. Elaborazione, redazione e gestione di progetti nazionali ed europei in ambito di management strategico, creativit\u00e0 e innovazione, sviluppo regionale e cooperazione internazionale. Organizzazione di corsi di formazione professionale. Parla e scrive correntemente 4 lingue. Esperienza di docenza e traduzione. Come globetrotter in America latina ha approfondito l&#8217;amore per la natura, ed in particolare la montagna.<\/p>\n<p><strong>Cristina Raso<\/strong>: Project\/ Account Manager dallo &#8220;stile consulenziale&#8221; ha un solido background nell&#8217;area digital\/tech\/multichannel con focus nell&#8217;area eBusiness, Marketing &amp; Comunicazione Web. Ha avuto la possibilit\u00e0 di lavorare con aziende e per settori molto diversi: Finanza, intrattenimento, GDO, Turismo\/Alberghi. Anima curiosa ha una forte attitudine a stringere relazioni e a fare &#8220;network&#8221;, organizzando eventi e gestendo le PR per svariati soggetti. Obiettivi: supportare i clienti a raggiungere i loro obiettivi per migliorare le performance e il benessere personale\/aziendale; guidare i clienti verso strategie di marketing olistico.<\/p>\n<p><strong>Silvia Zummo<\/strong> ha nel suo DNA l&#8217;ambizione di misurarsi con grandi idee, costruire e realizzare progetti innovativi e rivoluzionari. Attenta ai dettagli, intraprendente e vivace nello sviluppo dei processi lavorativi, coniuga alla naturale e spontanea capacit\u00e0 di relazione con le persone, una continua ricerca della qualit\u00e0 e dell&#8217;innovazione dei processi e contenuti. Durante gli studi di Architettura presso l&#8217;universit\u00e0 di Roma, alla ricerca di nuovi orizzonti, approda nel settore degli eventi dove trova lo spazio di immaginazione e creativit\u00e0 che cercava. Fonda un&#8217;associazione culturale impegnata sul territorio nazionale sui temi ambientali, energetici, dei trasporti e della sicurezza stradale. In seguito, costituisce una societ\u00e0 di comunicazione e come Project Manager realizza progetti per organizzazioni pubbliche e private: aziende, istituzioni, comuni, province e fondazioni. Ha una pluriennale esperienza nei vari campi della comunicazione d&#8217;impresa e dell&#8217;organizzazione e gestione di eventi, specializzandosi nella progettazione integrata e nella gestione di gruppi di lavoro. Specializzata nelle pubbliche relazioni, azioni di marketing e sviluppo commerciale, rapporti ed azioni di co-marketing con aziende, enti e istituzioni, partenariati e fund raising.<\/p>\n<p><strong>Ana Mari\u00ada Sol\u00ed\u00ads<\/strong>, consulente e docente su temi riguardanti: sostenibilit\u00e0, cambiamenti climatici, Agenda XXI, Green Economy, visione di genere. Esperienza come facilitatrice di processi partecipativi e in progettazione, programmi e finanziamenti europei (Life, IEE, PROGRESS, Interreg, Climate KIC, Erasmus ) presso istituzioni pubbliche e private europee e internazionali. Master in Economia e cooperazione allo sviluppo non-profit (Universit\u00e0 degli Studi di Ferrara, Italia). Master in Pianificazione Ambientale per lo Sviluppo Urbano e metodologie per la promozione della partecipazione (Universit\u00e0 degli Studi di Bologna, Italia). Gestione Specialist Sviluppo Sostenibile Networking (Ministero della Tutela dell&#8217;Ambiente e del Territorio, Italia). Master in Scienze Chimiche e Ambientali (Universit\u00e0 di Buenos Aires), chimica e di processo ingegnere (Universit\u00e0 degli Studi di Bologna), specialit\u00e0 Ingegneria Industriale Chimica (Universit\u00e0 Nazionale di Comahue, Argentina.). Ha possesso del certificato di Climate-KIC come professionista pro-attiva in accelerare processi di transizione verso societ\u00e0 pi\u00f9 sostenibili. Ha esperienza lavorativa di 15 anni n America Latina e altri 15 anni in Europa. Parla italiano e inglese e la sua lingua madre \u00e8 lo spagnolo.<\/p>\n<p><strong>Manuele Bellonzi<\/strong> \u00e8 un giurista, con venti anni di esperienza in ambito di difesa civica e mediazione nella pubblica amministrazione. Si \u00e8 occupato di ricerca e formazione in management e diritto sanitario in Italia e all&#8217;estero, dedicando particolare attenzione ai settori del rischio clinico, della comunicazione e relazione medico-paziente, della bioetica e del biodiritto. Da alcuni anni ha approfondito, con particolare interesse, le dinamiche del conflitto nel servizio sanitario pubblico maturando esperienza pratica nella presidenza di commissioni miste conciliative in Aziende sanitarie locali della Toscana. In tema di Educazione alla Salute ha seguito progetti di ricerca in tema di valutazione del benessere. Ha all&#8217;attivo docenze, nei settori di ricerca, svolte per la Scuola Superiore Sant&#8217;Anna di Pisa e le Universit\u00e0 di Pisa, Milano (Italy), Paris Descartes (France), Marrakech (Marocco), Neuch<em>\u00e2<\/em>tel (Switzerland).<\/p>\n<p><strong>Esperti e co-protagonisti della multidisciplinarit\u00e0 e dell&#8217;innovazione<\/strong><\/p>\n<p>Ron Dvir (Israel), Andrea Giolitti (Italy), Francesca Mazzocchi (Italy), Hank Kune (The Netherlands), Michele Coletti (Italy), Thekla Schneede (Sweden), Valentina Piersanti (Italy), Gabriella Rossi Crespi (Italy), Lucia Cadore (Italy), Lars Karlsson (Austria), Stasys Bielinis (Lithuania), Carlo Adinolfi (Usa), Rob Bilderbeek (Olanda), Gloria Ceccherini (Panama), Simoon Fransen (Olanda).<\/p>\n<p><img loading=\"lazy\" class=\"aligncenter size-full wp-image-87\" title=\"experts\" src=\"https:\/\/futour.it\/futour\/wp-content\/uploads\/2009\/01\/experts.jpg\" alt=\"experts\" width=\"661\" height=\"495\" srcset=\"https:\/\/futour.it\/futour\/wp-content\/uploads\/2009\/01\/experts-300x225.jpg 300w, https:\/\/futour.it\/futour\/wp-content\/uploads\/2009\/01\/experts.jpg 960w\" sizes=\"(max-width: 661px) 100vw, 661px\" \/><\/p>\n","protected":false},"excerpt":{"rendered":"<p>Gli esperti di FUTOUR hanno maturato una ventennale esperienza nella [&hellip;]<\/p>\n","protected":false},"author":1,"featured_media":0,"parent":0,"menu_order":4,"comment_status":"closed","ping_status":"closed","template":"","meta":{"_monsterinsights_skip_tracking":false,"_monsterinsights_sitenote_active":false,"_monsterinsights_sitenote_note":"","_monsterinsights_sitenote_category":0},"_links":{"self":[{"href":"https:\/\/futour.it\/futour\/wp-json\/wp\/v2\/pages\/61"}],"collection":[{"href":"https:\/\/futour.it\/futour\/wp-json\/wp\/v2\/pages"}],"about":[{"href":"https:\/\/futour.it\/futour\/wp-json\/wp\/v2\/types\/page"}],"author":[{"embeddable":true,"href":"https:\/\/futour.it\/futour\/wp-json\/wp\/v2\/users\/1"}],"replies":[{"embeddable":true,"href":"https:\/\/futour.it\/futour\/wp-json\/wp\/v2\/comments?post=61"}],"version-history":[{"count":72,"href":"https:\/\/futour.it\/futour\/wp-json\/wp\/v2\/pages\/61\/revisions"}],"predecessor-version":[{"id":1018,"href":"https:\/\/futour.it\/futour\/wp-json\/wp\/v2\/pages\/61\/revisions\/1018"}],"wp:attachment":[{"href":"https:\/\/futour.it\/futour\/wp-json\/wp\/v2\/media?parent=61"}],"curies":[{"name":"wp","href":"https:\/\/api.w.org\/{rel}","templated":true}]}}